69
In base 5, what is -311034 + -303?
-311342
In base 15, what is 1820 - 20?
1800
In base 9, what is -150 - -517?
357
In base 14, what is -d6 + b95?
a9d
In base 5, what is 4013233 + -4?
4013224
In base 2, what is 11011100111100 - -1?
11011100111101
In base 6, what is 54045 - -3?
54052
In base 4, what is -10021112 + -113?
-10021231
In base 5, what is -3 + 314324?
314321
In base 6, what is 23554 + -1500?
22054
In base 15, what is -4c - -51?
4
In base 9, what is 2558 - 0?
2558
In base 3, what is 2121102021212 + -2?
2121102021210
In base 7, what is 13246143 - 5?
13246135
In base 3, what is -122110 + 121201?
-202
In base 14, what is -3 + -4829?
-482c
In base 3, what is -100100012 + -12?
-100100101
In base 2, what is -110 - -1000011010000001000?
1000011010000000010
In base 10, what is 4 + 6076?
6080
In base 13, what is 1b2 + 2b6?
498
In base 15, what is -5 + -23db?
-23e1
In base 12, what is -5 + -b2b50?
-b2b55
In base 8, what is -206 - -6241?
6033
In base 14, what is 743 + -31?
712
In base 7, what is 15235356 - -3?
15235362
In base 16, what is 75 + -54?
21
In base 14, what is 15 + 198?
1ad
In base 11, what is 0 + 498749?
498749
In base 14, what is -48 - 99?
-103
In base 16, what is -c5 - 64d?
-712
In base 10, what is 5546 + 37?
5583
In base 2, what is 111 + 1000111010?
1001000001
In base 12, what is -34a7 + 172?
-3335
In base 8, what is -242 + -4302?
-4544
In base 11, what is 341367 + -4?
341363
In base 15, what is -1907e + 8?
-19076
In base 11, what is 6073 + -26?
6048
In base 15, what is 7 - 16c991?
-16c989
In base 6, what is 104414 + -105?
104305
In base 7, what is 64633 + 42?
65005
In base 4, what is 2312022 + 1001?
2313023
In base 2, what is -1000110011 + 10100001?
-110010010
In base 13, what is -312 - 73?
-385
In base 12, what is -89 - -6198?
610b
In base 4, what is 13001020113 + 10?
13001020123
In base 16, what is 1593 + -42?
1551
In base 8, what is -1000067 - 6?
-1000075
In base 5, what is 4023121 - 31?
4023040
In base 9, what is 2 + 38572?
38574
In base 13, what is 2 - -24c6ab?
24c6b0
In base 16, what is 62e - -ad?
6db
In base 10, what is -14103 - -3?
-14100
In base 15, what is 3163c + -9?
31633
In base 11, what is a579 + 5?
a583
In base 12, what is 179 + -310?
-153
In base 2, what is -101010001100 - -1101?
-101001111111
In base 12, what is 35a0 + a1?
3681
In base 8, what is 3 + 1565137?
1565142
In base 6, what is 0 + -1053104?
-1053104
In base 14, what is -2 - 5dd3?
-5dd5
In base 6, what is 12 + 11403?
11415
In base 5, what is -100343 - 134?
-101032
In base 13, what is 4 + 61ac?
61b3
In base 12, what is 1099 - -11?
10aa
In base 3, what is 11 + -1220200010?
-1220122222
In base 2, what is -110110011 + 11101011?
-11001000
In base 12, what is -6 + -358a?
-3594
In base 12, what is -734 - -10a?
-626
In base 8, what is 4 + 156404?
156410
In base 5, what is 111 + -42301?
-42140
In base 15, what is -19 + 196?
17c
In base 3, what is 10 + -211201001?
-211200221
In base 13, what is 3588 - b?
357a
In base 12, what is -49 - -16978?
1692b
In base 10, what is 4 - 325432?
-325428
In base 13, what is -19bc22 + -5?
-19bc27
In base 9, what is 0 + 48863?
48863
In base 14, what is 8 + -2a41?
-2a37
In base 15, what is 3d3e1e + -2?
3d3e1c
In base 16, what is -4 + 5bb3?
5baf
In base 6, what is -2 + 452522?
452520
In base 13, what is b8a - -86?
c43
In base 2, what is 1100010 + -1110111?
-10101
In base 7, what is 4441 - 33?
4405
In base 9, what is 35 + -3848?
-3813
In base 3, what is 1 - -2011001021201?
2011001021202
In base 2, what is -11110011 - -11111?
-11010100
In base 11, what is 11 - 5485?
-5474
In base 5, what is 4 - 1013130?
-1013121
In base 6, what is 1253 - -4204?
5501
In base 2, what is 1110011011101111 - 1?
1110011011101110
In base 13, what is -ca92 - 2?
-ca94
In base 9, what is -174431 - 4?
-174435
In base 7, what is -4 + -1035004?
-1035011
In base 4, what is 10110110 - -102?
10110212
In base 16, what is 1d3 - 2f?
1a4
In base 12, what is 4 + -3a7a4?
-3a7a0
In base 2, what is 11 + 11000111110100000?
11000111110100011
In base 7, what is 60325 + -1?
60324
In base 8, what is -1756053 - 2?
-1756055
In base 6, what is 4 + 102250?
102254
In base 14, what is 4 - 1cb18?
-1cb14
In base 4, what is 21202 + 10132?
32000
In base 5, what is -32111041 - 2?
-32111043
In base 5, what is 0 + 140001?
140001
In base 6, what is -23533 + 4?
-23525
In base 7, what is -11 + -55433?
-55444
In base 16, what is 16ed5 - -2?
16ed7
In base 10, what is -3 + 15164?
15161
In base 13, what is -425227 + 4?
-425223
In base 3, what is -1 + -222210001?
-222210002
In base 14, what is c61 - 17?
c48
In base 16, what is -6a - -2e7?
27d
In base 16, what is -1137 - -4?
-1133
In base 15, what is 52 - 67ec?
-679a
In base 3, what is -101122 + -100121?
-202020
In base 16, what is -92b + -7?
-932
In base 5, what is 3314142 + 221?
3314413
In base 8, what is 1102 + -72?
1010
In base 3, what is 11022101102 + -1012?
11022100020
In base 14, what is 34 + dddb?
10031
In base 10, what is 4104400 + -2?
4104398
In base 12, what is -85 + 5?
-80
In base 14, what is -131c + 42?
-12ba
In base 10, what is 5 - -235449?
235454
In base 4, what is 10 + 130101322?
130101332
In base 12, what is 4 + -9b19?
-9b15
In base 5, what is -2020044422 + -1?
-2020044423
In base 6, what is 4344 + 50?
4434
In base 10, what is 457241 + -2?
457239
In base 11, what is -5a + 18440?
18391
In base 8, what is -13 - 624053?
-624066
In base 11, what is 518a + 207?
5396
In base 12, what is -93a8 + 14?
-9394
In base 5, what is 12 - 100303421?
-100303404
In base 16, what is -25 - -12?
-13
In base 7, what is -33233154 + 4?
-33233150
In base 5, what is 200 - -11400?
12100
In base 16, what is -165 - 85?
-1ea
In base 7, what is 5263563 + -1?
5263562
In base 11, what is 4 - 22906?
-22902
In base 14, what is -3 - -235b?
2358
In base 14, what is -5 + 182d6?
182d1
In base 3, what is 1011 - -1002221?
1011002
In base 10, what is 10660004 - 0?
10660004
In base 14, what is 6dc + 82?
780
In base 2, what is 1010100011 + -1010101000100?
-1001010100001
In base 13, what is a8 + -69?
3c
In base 9, what is 2 + -28524?
-28522
In base 5, what is 21 - 1243?
-1222
In base 13, what is 13590 - -51?
13611
In base 4, what is 2332322 + 0?
2332322
In base 16, what is b + -808?
-7fd
In base 2, what is 1111110 + -11011011?
-1011101
In base 14, what is -1 + -4812?
-4813
In base 10, what is -1 - -12725?
12724
In base 2, what is 111100110 - 101011111?
10000111
In base 15, what is 0 - -98b2e?
98b2e
In base 2, what is 101 - 10101110000011001?
-10101110000010100
In base 7, what is 3 - 50563?
-50560
In base 2, what is -1001111111110101010110 + -100?
-1001111111110101011010
In base 16, what is 9 + -1409?
-1400
In base 14, what is 2d9d3 - 5?
2d9cc
In base 10, what is -3 + 81879?
81876
In base 3, what is 12220222222 - 101?
12220222121
In base 6, what is 4 - -3121340?
3121344
In base 13, what is 5a3b + -5a?
59b1
In base 3, what is 10120111 - -202?
10121020
In base 16, what is -3bdd8 - 2?
-3bdda
In base 7, what is 1120 + -100?
1020
In base 16, what is -151 + 378?
227
In base 13, what is c8 + 3ba0?
3c98
In base 15, what is 7d - 535?
-4a7
In base 10, what is -3831 + -188?
-4019
In base 14, what is 1134a - 2?
11348
In base 15, what is -20b3 + 13?
-20a0
In base 3, what is 10210002 + -1?
10210001
In base 7, what is 1 - -243065?
243066
In base 15, what is -73 + -c3?
-146
In base 7, what is 0 + -661?
-661
In base 2, what is 101110 + -10110010100110?
-10110001111000
In base 14, what is 5 - 1bd3?
-1bcc
In base 7, what is -131023 - 11?
-131034
In base 10, what is -1 - -25482?
25481
In base 4, what is 1020311 - 3?
1020302
In base 8, what is 4 + 2503255?
2503261
In base 7, what is -11365252 - 4?
-11365256
In base 6, what is -34 + 122223?
122145
In base 15, what is -672 - 20?
-692
In base 16, what is -f9 + 3b?
-be
In base 15, what is 12975 - -9?
1297e
In base 2, what is -10 + -1001010000100001?
-1001010000100011
In base 13, what is -2 - -4a4?
4a2
In base 13, what is 3a9b0 + -3?
3a9aa
In base 13, what is 3 - 14a88a?
-14a887
In base 6, what is -12 + 35012?
35000
In base 12, what is 1689b + -19?
16882
In base 6, what is -1121101 - -4?
-1121053
In base 13, what is 3604 + -4?
3600
In base 13, what is 728a + 15?
72a2
In base 8, what is -56 + -131252?
-131330
In base 14, what is -4 - 3730?
-3734
In base 